{"id":7222,"date":"2025-05-09T17:05:46","date_gmt":"2025-05-09T15:05:46","guid":{"rendered":"https:\/\/royal-meuble.fr\/?post_type=product&#038;p=7222"},"modified":"2025-05-09T17:11:49","modified_gmt":"2025-05-09T15:11:49","slug":"table-basse-calypso-ceramique-full-travertin-ronde-2","status":"publish","type":"product","link":"https:\/\/royal-meuble.fr\/index.php\/product\/table-basse-calypso-ceramique-full-travertin-ronde-2\/","title":{"rendered":"TABLE BASSE CALYPSO CERAMIQUE FULL TRAVERTIN RONDE"},"content":{"rendered":"<p>Plateau en c\u00e9ramique:<br \/>\n&#8211; Anti-rayure<br \/>\n&#8211; Forte r\u00e9sistance \u00e0 la chaleur<br \/>\n&#8211; Renforcement bois sous le plateau<\/p>\n","protected":false},"excerpt":{"rendered":"<p>Plateau en c\u00e9ramique: &#8211; Anti-rayure &#8211; Forte r\u00e9sistance \u00e0 la chaleur &#8211; Renforcement bois sous le plateau<\/p>\n","protected":false},"featured_media":7223,"comment_status":"open","ping_status":"closed","template":"","meta":{"om_disable_all_campaigns":false,"_monsterinsights_skip_tracking":false,"_monsterinsights_sitenote_active":false,"_monsterinsights_sitenote_note":"","_monsterinsights_sitenote_category":0},"product_brand":[],"product_cat":[139],"product_tag":[],"class_list":{"0":"post-7222","1":"product","2":"type-product","3":"status-publish","4":"has-post-thumbnail","6":"product_cat-table-basse","8":"first","9":"instock","10":"shipping-taxable","11":"purchasable","12":"product-type-simple","13":"berocket_lgv_grid","14":"berocket_lgv_list_grid"},"aioseo_notices":[],"_links":{"self":[{"href":"https:\/\/royal-meuble.fr\/index.php\/wp-json\/wp\/v2\/product\/7222","targetHints":{"allow":["GET"]}}],"collection":[{"href":"https:\/\/royal-meuble.fr\/index.php\/wp-json\/wp\/v2\/product"}],"about":[{"href":"https:\/\/royal-meuble.fr\/index.php\/wp-json\/wp\/v2\/types\/product"}],"replies":[{"embeddable":true,"href":"https:\/\/royal-meuble.fr\/index.php\/wp-json\/wp\/v2\/comments?post=7222"}],"wp:featuredmedia":[{"embeddable":true,"href":"https:\/\/royal-meuble.fr\/index.php\/wp-json\/wp\/v2\/media\/7223"}],"wp:attachment":[{"href":"https:\/\/royal-meuble.fr\/index.php\/wp-json\/wp\/v2\/media?parent=7222"}],"wp:term":[{"taxonomy":"product_brand","embeddable":true,"href":"https:\/\/royal-meuble.fr\/index.php\/wp-json\/wp\/v2\/product_brand?post=7222"},{"taxonomy":"product_cat","embeddable":true,"href":"https:\/\/royal-meuble.fr\/index.php\/wp-json\/wp\/v2\/product_cat?post=7222"},{"taxonomy":"product_tag","embeddable":true,"href":"https:\/\/royal-meuble.fr\/index.php\/wp-json\/wp\/v2\/product_tag?post=7222"}],"curies":[{"name":"wp","href":"https:\/\/api.w.org\/{rel}","templated":true}]}}

<p>Plateau en céramique:<br />
&#8211; Anti-rayure<br />
&#8211; Forte résistance à la chaleur<br />
&#8211; Renforcement bois sous le plateau</p>

<p>Plateau en céramique: &#8211; Anti-rayure &#8211; Forte résistance à la chaleur &#8211; Renforcement bois sous le plateau</p>
