{"id":6188,"date":"2024-03-21T01:53:16","date_gmt":"2024-03-21T00:53:16","guid":{"rendered":"https:\/\/royal-meuble.fr\/?post_type=product&#038;p=6188"},"modified":"2024-03-25T06:33:25","modified_gmt":"2024-03-25T05:33:25","slug":"fauteuil-balancoire-suspendu","status":"publish","type":"product","link":"https:\/\/royal-meuble.fr\/index.php\/product\/fauteuil-balancoire-suspendu\/","title":{"rendered":"FAUTEUIL BALAN\u00c7OIRE SUSPENDU"},"content":{"rendered":"<p>Tr\u00e8s confortable, ce fauteuil suspendu ajoute une touche d\u00e9co unique sur votre terrasse.<br \/>\nNous sommes s\u00e9duits et esp\u00e9rons que vous aussi<\/p>\n","protected":false},"excerpt":{"rendered":"<p>Tr\u00e8s confortable, ce fauteuil suspendu ajoute une touche d\u00e9co unique sur votre terrasse. Nous sommes s\u00e9duits et esp\u00e9rons que vous aussi<\/p>\n","protected":false},"featured_media":6191,"comment_status":"open","ping_status":"closed","template":"","meta":{"om_disable_all_campaigns":false,"_monsterinsights_skip_tracking":false,"_monsterinsights_sitenote_active":false,"_monsterinsights_sitenote_note":"","_monsterinsights_sitenote_category":0},"product_brand":[],"product_cat":[150],"product_tag":[],"class_list":{"0":"post-6188","1":"product","2":"type-product","3":"status-publish","4":"has-post-thumbnail","6":"product_cat-fauteuil","8":"first","9":"instock","10":"shipping-taxable","11":"purchasable","12":"product-type-simple","13":"berocket_lgv_grid","14":"berocket_lgv_list_grid"},"aioseo_notices":[],"_links":{"self":[{"href":"https:\/\/royal-meuble.fr\/index.php\/wp-json\/wp\/v2\/product\/6188","targetHints":{"allow":["GET"]}}],"collection":[{"href":"https:\/\/royal-meuble.fr\/index.php\/wp-json\/wp\/v2\/product"}],"about":[{"href":"https:\/\/royal-meuble.fr\/index.php\/wp-json\/wp\/v2\/types\/product"}],"replies":[{"embeddable":true,"href":"https:\/\/royal-meuble.fr\/index.php\/wp-json\/wp\/v2\/comments?post=6188"}],"wp:featuredmedia":[{"embeddable":true,"href":"https:\/\/royal-meuble.fr\/index.php\/wp-json\/wp\/v2\/media\/6191"}],"wp:attachment":[{"href":"https:\/\/royal-meuble.fr\/index.php\/wp-json\/wp\/v2\/media?parent=6188"}],"wp:term":[{"taxonomy":"product_brand","embeddable":true,"href":"https:\/\/royal-meuble.fr\/index.php\/wp-json\/wp\/v2\/product_brand?post=6188"},{"taxonomy":"product_cat","embeddable":true,"href":"https:\/\/royal-meuble.fr\/index.php\/wp-json\/wp\/v2\/product_cat?post=6188"},{"taxonomy":"product_tag","embeddable":true,"href":"https:\/\/royal-meuble.fr\/index.php\/wp-json\/wp\/v2\/product_tag?post=6188"}],"curies":[{"name":"wp","href":"https:\/\/api.w.org\/{rel}","templated":true}]}}