{"id":6112,"date":"2024-03-19T22:51:18","date_gmt":"2024-03-19T21:51:18","guid":{"rendered":"https:\/\/royal-meuble.fr\/?post_type=product&#038;p=6112"},"modified":"2025-05-07T16:16:19","modified_gmt":"2025-05-07T14:16:19","slug":"table-basse-leila","status":"publish","type":"product","link":"https:\/\/royal-meuble.fr\/index.php\/product\/table-basse-leila\/","title":{"rendered":"TABLE BASSE LEILA"},"content":{"rendered":"<p>La table basse LEILA\u00a0est une\u00a0table basse avec un design \u00e9l\u00e9gant et moderne qui est s\u00fbr de compl\u00e9ter n&#8217;importe quel espace de vie.<\/p>\n<p>La table basse\u00a0LEILA\u00a0est disponible avec des pieds argent ou or, vous offrant la flexibilit\u00e9 de choisir l&#8217;option qui convient le mieux \u00e0 votre style personnel. Le plateau en marbre vitr\u00e9 ajoute une touche de sophistication \u00e0 la table, tout en assurant une surface durable pour vos boissons, vos collations et autres articles du quotidien.<\/p>\n<p>La table basse est \u00e9galement con\u00e7ue pour \u00eatre facilement assembl\u00e9e, vous permettant de profiter rapidement de votre nouvel ajout \u00e0 votre maison. Nous sommes fiers de vous offrir une option de qualit\u00e9 sup\u00e9rieure qui r\u00e9sistera \u00e0 l&#8217;\u00e9preuve du temps tout en ajoutant une touche de raffinement \u00e0 votre espace de vie.<\/p>\n<p><strong>DIMENSIONS : 130&#215;70\u00d745 cm<\/strong><\/p>\n","protected":false},"excerpt":{"rendered":"<p>TABLE BASSE LEILA<\/p>\n<p>L:130cm P:70cm H:45cm<\/p>\n","protected":false},"featured_media":6117,"comment_status":"open","ping_status":"closed","template":"","meta":{"om_disable_all_campaigns":false,"_monsterinsights_skip_tracking":false,"_monsterinsights_sitenote_active":false,"_monsterinsights_sitenote_note":"","_monsterinsights_sitenote_category":0},"product_brand":[],"product_cat":[139],"product_tag":[],"class_list":{"0":"post-6112","1":"product","2":"type-product","3":"status-publish","4":"has-post-thumbnail","6":"product_cat-table-basse","8":"first","9":"instock","10":"shipping-taxable","11":"purchasable","12":"product-type-variable","13":"berocket_lgv_grid","14":"berocket_lgv_list_grid"},"aioseo_notices":[],"_links":{"self":[{"href":"https:\/\/royal-meuble.fr\/index.php\/wp-json\/wp\/v2\/product\/6112","targetHints":{"allow":["GET"]}}],"collection":[{"href":"https:\/\/royal-meuble.fr\/index.php\/wp-json\/wp\/v2\/product"}],"about":[{"href":"https:\/\/royal-meuble.fr\/index.php\/wp-json\/wp\/v2\/types\/product"}],"replies":[{"embeddable":true,"href":"https:\/\/royal-meuble.fr\/index.php\/wp-json\/wp\/v2\/comments?post=6112"}],"wp:featuredmedia":[{"embeddable":true,"href":"https:\/\/royal-meuble.fr\/index.php\/wp-json\/wp\/v2\/media\/6117"}],"wp:attachment":[{"href":"https:\/\/royal-meuble.fr\/index.php\/wp-json\/wp\/v2\/media?parent=6112"}],"wp:term":[{"taxonomy":"product_brand","embeddable":true,"href":"https:\/\/royal-meuble.fr\/index.php\/wp-json\/wp\/v2\/product_brand?post=6112"},{"taxonomy":"product_cat","embeddable":true,"href":"https:\/\/royal-meuble.fr\/index.php\/wp-json\/wp\/v2\/product_cat?post=6112"},{"taxonomy":"product_tag","embeddable":true,"href":"https:\/\/royal-meuble.fr\/index.php\/wp-json\/wp\/v2\/product_tag?post=6112"}],"curies":[{"name":"wp","href":"https:\/\/api.w.org\/{rel}","templated":true}]}}

<p>La table basse LEILA est une table basse avec un design élégant et moderne qui est sûr de compléter n&#8217;importe quel espace de vie.</p>
<p>La table basse LEILA est disponible avec des pieds argent ou or, vous offrant la flexibilité de choisir l&#8217;option qui convient le mieux à votre style personnel. Le plateau en marbre vitré ajoute une touche de sophistication à la table, tout en assurant une surface durable pour vos boissons, vos collations et autres articles du quotidien.</p>
<p>La table basse est également conçue pour être facilement assemblée, vous permettant de profiter rapidement de votre nouvel ajout à votre maison. Nous sommes fiers de vous offrir une option de qualité supérieure qui résistera à l&#8217;épreuve du temps tout en ajoutant une touche de raffinement à votre espace de vie.</p>
<p><strong>DIMENSIONS : 130&#215;70×45 cm</strong></p>
