{"id":5923,"date":"2024-03-17T08:23:01","date_gmt":"2024-03-17T07:23:01","guid":{"rendered":"https:\/\/royal-meuble.fr\/?post_type=product&#038;p=5923"},"modified":"2024-03-25T06:49:22","modified_gmt":"2024-03-25T05:49:22","slug":"table-basse-versus","status":"publish","type":"product","link":"https:\/\/royal-meuble.fr\/index.php\/product\/table-basse-versus\/","title":{"rendered":"TABLE BASSE VERSUS"},"content":{"rendered":"<p>Venez d\u00e9couvrir notre \u00e9l\u00e9gante et imposante table basse , qui ne manquera pas de r\u00e9pondre \u00e0 vos exigences, avec son design original de pieds en m\u00e9tal dor\u00e9 et son grand dessus de table habill\u00e9 d&#8217;un plateau effet marbre . \u00c0 la fois \u00e9l\u00e9gante et raffin\u00e9e, elle est \u00e9galement facile \u00e0 entretenir. Elle est id\u00e9ale pour un int\u00e9rieur de style contemporain avec une touche d&#8217;originalit\u00e9.<\/p>\n","protected":false},"excerpt":{"rendered":"<p>Venez d\u00e9couvrir notre \u00e9l\u00e9gante et imposante table basse , qui ne manquera pas de r\u00e9pondre \u00e0 vos exigences, avec son design original de pieds en m\u00e9tal dor\u00e9 et son grand dessus de table habill\u00e9 d&#8217;un plateau effet marbre . \u00c0 la fois \u00e9l\u00e9gante et raffin\u00e9e, elle est \u00e9galement facile \u00e0 entretenir. Elle est id\u00e9ale pour<\/p>\n<div class=\"klb-readmore entry-button\"><a class=\"btn link\" href=\"https:\/\/royal-meuble.fr\/index.php\/product\/table-basse-versus\/\">Lire la suite <i class=\"klbth-icon-right-arrow\"><\/i><\/a><\/div>\n","protected":false},"featured_media":5928,"comment_status":"open","ping_status":"closed","template":"","meta":{"om_disable_all_campaigns":false,"_monsterinsights_skip_tracking":false,"_monsterinsights_sitenote_active":false,"_monsterinsights_sitenote_note":"","_monsterinsights_sitenote_category":0},"product_brand":[],"product_cat":[139],"product_tag":[],"class_list":{"0":"post-5923","1":"product","2":"type-product","3":"status-publish","4":"has-post-thumbnail","6":"product_cat-table-basse","8":"first","9":"instock","10":"shipping-taxable","11":"purchasable","12":"product-type-variable","13":"berocket_lgv_grid","14":"berocket_lgv_list_grid"},"aioseo_notices":[],"_links":{"self":[{"href":"https:\/\/royal-meuble.fr\/index.php\/wp-json\/wp\/v2\/product\/5923","targetHints":{"allow":["GET"]}}],"collection":[{"href":"https:\/\/royal-meuble.fr\/index.php\/wp-json\/wp\/v2\/product"}],"about":[{"href":"https:\/\/royal-meuble.fr\/index.php\/wp-json\/wp\/v2\/types\/product"}],"replies":[{"embeddable":true,"href":"https:\/\/royal-meuble.fr\/index.php\/wp-json\/wp\/v2\/comments?post=5923"}],"wp:featuredmedia":[{"embeddable":true,"href":"https:\/\/royal-meuble.fr\/index.php\/wp-json\/wp\/v2\/media\/5928"}],"wp:attachment":[{"href":"https:\/\/royal-meuble.fr\/index.php\/wp-json\/wp\/v2\/media?parent=5923"}],"wp:term":[{"taxonomy":"product_brand","embeddable":true,"href":"https:\/\/royal-meuble.fr\/index.php\/wp-json\/wp\/v2\/product_brand?post=5923"},{"taxonomy":"product_cat","embeddable":true,"href":"https:\/\/royal-meuble.fr\/index.php\/wp-json\/wp\/v2\/product_cat?post=5923"},{"taxonomy":"product_tag","embeddable":true,"href":"https:\/\/royal-meuble.fr\/index.php\/wp-json\/wp\/v2\/product_tag?post=5923"}],"curies":[{"name":"wp","href":"https:\/\/api.w.org\/{rel}","templated":true}]}}