{"id":5659,"date":"2024-03-04T14:17:07","date_gmt":"2024-03-04T13:17:07","guid":{"rendered":"https:\/\/royal-meuble.fr\/?post_type=product&#038;p=5659"},"modified":"2024-12-15T05:24:46","modified_gmt":"2024-12-15T04:24:46","slug":"table-basse-ceramique-luna-coffre-poufs-pied-noir","status":"publish","type":"product","link":"https:\/\/royal-meuble.fr\/index.php\/product\/table-basse-ceramique-luna-coffre-poufs-pied-noir\/","title":{"rendered":"TABLE BASSE CERAMIQUE LUNA COFFRE &#038; POUFS"},"content":{"rendered":"<div data-v-ef4e1400=\"\">Plateau en c\u00e9ramique anti-rayure &amp; r\u00e9sistant \u00e0 la chaleur \u2022 Avec coffre de rangement sous le plateau \u2022 3 poufs inclus \u2022 Tout d\u00e9j\u00e0 mont\u00e9 dans 1 seul colis!1<\/div>\n<div data-v-ef4e1400=\"\">L:80cm P:80cm H:45cm \u2022<\/div>\n","protected":false},"excerpt":{"rendered":"<p>Plateau en c\u00e9ramique anti-rayure &amp; r\u00e9sistant \u00e0 la chaleur \u2022 Avec coffre de rangement sous le plateau \u2022 3 poufs inclus \u2022 Tout d\u00e9j\u00e0 mont\u00e9 dans 1 seul colis!1 L:80cm P:80cm H:45cm \u2022<\/p>\n","protected":false},"featured_media":5660,"comment_status":"open","ping_status":"closed","template":"","meta":{"om_disable_all_campaigns":false,"_monsterinsights_skip_tracking":false,"_monsterinsights_sitenote_active":false,"_monsterinsights_sitenote_note":"","_monsterinsights_sitenote_category":0},"product_brand":[],"product_cat":[139],"product_tag":[],"class_list":{"0":"post-5659","1":"product","2":"type-product","3":"status-publish","4":"has-post-thumbnail","6":"product_cat-table-basse","8":"first","9":"instock","10":"shipping-taxable","11":"purchasable","12":"product-type-variable","13":"berocket_lgv_grid","14":"berocket_lgv_list_grid"},"aioseo_notices":[],"_links":{"self":[{"href":"https:\/\/royal-meuble.fr\/index.php\/wp-json\/wp\/v2\/product\/5659","targetHints":{"allow":["GET"]}}],"collection":[{"href":"https:\/\/royal-meuble.fr\/index.php\/wp-json\/wp\/v2\/product"}],"about":[{"href":"https:\/\/royal-meuble.fr\/index.php\/wp-json\/wp\/v2\/types\/product"}],"replies":[{"embeddable":true,"href":"https:\/\/royal-meuble.fr\/index.php\/wp-json\/wp\/v2\/comments?post=5659"}],"wp:featuredmedia":[{"embeddable":true,"href":"https:\/\/royal-meuble.fr\/index.php\/wp-json\/wp\/v2\/media\/5660"}],"wp:attachment":[{"href":"https:\/\/royal-meuble.fr\/index.php\/wp-json\/wp\/v2\/media?parent=5659"}],"wp:term":[{"taxonomy":"product_brand","embeddable":true,"href":"https:\/\/royal-meuble.fr\/index.php\/wp-json\/wp\/v2\/product_brand?post=5659"},{"taxonomy":"product_cat","embeddable":true,"href":"https:\/\/royal-meuble.fr\/index.php\/wp-json\/wp\/v2\/product_cat?post=5659"},{"taxonomy":"product_tag","embeddable":true,"href":"https:\/\/royal-meuble.fr\/index.php\/wp-json\/wp\/v2\/product_tag?post=5659"}],"curies":[{"name":"wp","href":"https:\/\/api.w.org\/{rel}","templated":true}]}}